, 67, 97
List the prime factors of 19916.
2, 13, 383
What are the prime factors of 376057?
11, 17, 2011
List the prime factors of 19193822.
2, 23, 41, 10177
What are the prime factors of 291237?
3, 193, 503
List the prime factors of 16228120.
2, 5, 405703
What are the prime factors of 774411?
3, 11, 31, 757
What are the prime factors of 1485684?
2, 3, 41269
List the prime factors of 766550.
2, 5, 15331
What are the prime factors of 5769698?
2, 11, 17, 15427
List the prime factors of 668975.
5, 26759
List the prime factors of 126558.
2, 3, 79, 89
List the prime factors of 341700.
2, 3, 5, 17, 67
What are the prime factors of 87742?
2, 19, 2309
What are the prime factors of 10713547?
13, 149, 5531
List the prime factors of 695544.
2, 3, 73, 397
List the prime factors of 132298.
2, 29, 2281
What are the prime factors of 143394?
2, 3, 23899
List the prime factors of 13657864.
2, 11, 155203
What are the prime factors of 25519003?
25519003
What are the prime factors of 3814726?
2, 311, 6133
List the prime factors of 330459.
3, 59, 1867
List the prime factors of 2283845.
5, 456769
What are the prime factors of 439625?
5, 3517
List the prime factors of 849397.
41, 20717
List the prime factors of 547379.
7, 11171
List the prime factors of 984416.
2, 30763
What are the prime factors of 12170641?
7, 199, 8737
List the prime factors of 762773.
11, 17, 4079
What are the prime factors of 295885?
5, 17, 59
List the prime factors of 131682.
2, 3, 17, 1291
List the prime factors of 623453.
59, 10567
List the prime factors of 28817699.
19, 73, 79, 263
List the prime factors of 92428.
2, 7, 3301
List the prime factors of 30921888.
2, 3, 29, 383
What are the prime factors of 15764945?
5, 7, 149, 3023
What are the prime factors of 25018491?
3, 53, 157349
What are the prime factors of 681960?
2, 3, 5, 5683
List the prime factors of 452476.
2, 31, 41, 89
What are the prime factors of 728168?
2, 7, 13003
What are the prime factors of 18074600?
2, 5, 90373
What are the prime factors of 402523?
11, 23, 37, 43
List the prime factors of 289734.
2, 3, 43, 1123
List the prime factors of 1167568.
2, 72973
What are the prime factors of 663876?
2, 3, 683
What are the prime factors of 1487660?
2, 5, 74383
What are the prime factors of 17344506?
2, 3, 181, 15971
What are the prime factors of 108290?
2, 5, 7, 13, 17
What are the prime factors of 363596?
2, 17, 5347
List the prime factors of 1700983.
1700983
List the prime factors of 2863546.
2, 7, 23, 8893
What are the prime factors of 131389?
83, 1583
List the prime factors of 3849119.
23, 113, 1481
What are the prime factors of 7436721?
3, 43, 57649
List the prime factors of 3794785.
5, 758957
List the prime factors of 191741.
11, 17431
What are the prime factors of 449253?
3, 7, 2377
List the prime factors of 98558.
2, 49279
List the prime factors of 2796100.
2, 5, 27961
What are the prime factors of 579024?
2, 3, 4021
What are the prime factors of 3517225?
5, 140689
What are the prime factors of 2855363?
7, 41, 9949
What are the prime factors of 7098617?
41, 173137
List the prime factors of 2668440.
2, 3, 5, 37, 601
List the prime factors of 2990998.
2, 397, 3767
List the prime factors of 6914627.
547, 12641
What are the prime factors of 896578?
2, 61, 7349
What are the prime factors of 1300411?
7, 26539
What are the prime factors of 118535?
5, 151, 157
List the prime factors of 8791463.
73, 120431
What are the prime factors of 471308?
2, 17, 29, 239
What are the prime factors of 91495?
5, 29, 631
What are the prime factors of 1528011?
3, 17, 3329
List the prime factors of 2646233.
2646233
What are the prime factors of 1435291?
11, 13, 10037
What are the prime factors of 314146?
2, 7, 19, 1181
List the prime factors of 281933.
281933
List the prime factors of 286392.
2, 3, 11933
What are the prime factors of 2496952?
2, 107, 2917
List the prime factors of 27983481.
3, 457, 20411
What are the prime factors of 745548?
2, 3, 62129
List the prime factors of 381314.
2, 190657
What are the prime factors of 2834098?
2, 181, 7829
List the prime factors of 331313.
17, 19489
List the prime factors of 124294.
2, 29, 2143
What are the prime factors of 87752?
2, 7, 1567
List the prime factors of 10884685.
5, 7, 307, 1013
What are the prime factors of 355621?
7, 101, 503
List the prime factors of 2793289.
41, 193, 353
List the prime factors of 980852.
2, 379, 647
List the prime factors of 276970.
2, 5, 27697
What are the prime factors of 4068388?
2, 1017097
List the prime factors of 132685.
5, 7, 17, 223
What are the prime factors of 5586805?
5, 7, 159623
What are the prime factors of 190515?
3, 5, 13, 977
List the prime factors of 218709.
3, 19, 1279
What are the prime factors of 631436?
2, 13, 12143
What are the prime factors of 1530215?
5, 463, 661
What are the prime factors of 397222?
2, 7, 17, 1669
What are the prime factors of 551799?
3, 107, 191
What are the prime factors of 548885?
5, 151, 727
List the prime factors of 14490996.
2, 3, 13, 19, 4889
List the prime factors of 33668.
2, 19, 443
List the prime factors of 4605468.
2, 3, 7, 109, 503
List the prime factors of 138004.
2, 34501
What are the prime factors of 24389279?
211, 115589
What are the prime factors of 62825?
5, 7, 359
What are the prime factors of 1635326?
2, 7, 11, 37, 41
List the prime factors of 218008.
2, 7, 17, 229
What are the prime factors of 6103345?
5, 1220669
List the prime factors of 10708460.
2, 5, 7, 223
List the prime factors of 220395.
3, 5, 7, 2099
What are the prime factors of 92328?
2, 3, 3847
What are the prime factors of 1262207?
1262207
List the prime factors of 16119296.
2, 19, 1657
List the prime factors of 7159338.
2, 3, 41, 89, 109
List the prime factors of 12872.
2, 1609
What are the prime factors of 13071601?
19, 443, 1553
What are the prime factors of 2708298?
2, 3, 19, 7919
List the prime factors of 682676.
2, 170669
List the prime factors of 3341667.
3, 7, 227, 701
List the prime factors of 1020021.
3, 340007
List the prime factors of 7486498.
2, 3743249
List the prime factors of 111444.
2, 3, 37, 251
What are the prime factors of 368612?
2, 92153
List the prime factors of 73313.
167, 439
What are the prime factors of 2228667?
3, 7, 15161
What are the prime factors of 272953?
499, 547
What are the prime factors of 162871?
271, 601
What are the prime factors of 15276?
2, 3, 19, 67
List the prime factors of 3761419.
3761419
What are the prime factors of 369452?
2, 92363
List the prime factors of 3368832.
2, 3, 31, 283
List the prime factors of 1037352.
2, 3, 43223
What are the prime factors of 507974?
2, 253987
What are the prime factors of 17844?
2, 3, 1487
What are the prime factors of 472518?
2, 3, 26251
What are the prime factors of 2830717?
233, 12149
List the prime factors of 8710581.
3, 11, 263957
List the prime factors of 877838.
2, 13, 19, 1777
What are the prime factors of 126263?
31, 4073
What are the prime factors of 263885?
5, 89, 593
List the prime factors of 1360069.
1360069
List the prime factors of 238569.
3, 281, 283
List the prime factors of 2298451.
17, 53, 2551
List the prime factors of 151767.
3, 7, 11, 73
What are the prime factors of 12089136?
2, 3, 251857
What are the prime factors of 495019?
7, 70717
What are the prime factors of 188533?
188533
What are the prime factors of 109740?
2, 3, 5, 31, 59
List the prime factors of 1490138.
2, 13, 37, 1549
What are the prime factors of 679040?
2, 5, 1061
What are the prime factors of 191601?
3, 61, 349
List the prime factors of 253379.
7, 5171
What are the prime factors of 1288073?
17, 4457
What are the prime factors of 479748?
2, 3, 39979
List the prime factors of 1842781.
1842781
What are the prime factors of 44750?
2, 5, 179
What are the prime factors of 239374?
2, 119687
What are the prime factors of 5452499?
13, 419423
List the prime factors of 1896.
2, 3, 79
List the prime factors of 257070.
2, 3, 5, 11, 19, 41
List the prime factors of 401746.
2, 37, 61, 89
What are the prime factors of 5655297?
3, 157, 12007
List the prime factors of 6534353.
7, 933479
List the prime factors of 85612.
2, 17, 1259
What are the prime factors of 22078478?
2, 17, 131, 4957
List the prime factors of 226503.
3, 8389
What are the prime factors of 32228?
2, 7, 1151
What are the prime 